posite number?
False
Is 34560637 composite?
True
Is 101177278 a composite number?
True
Is 19394863 composite?
False
Is 135530833 a composite number?
True
Is 23842537 a prime number?
True
Is 2916257 a prime number?
True
Is 10417697 a prime number?
True
Is 26159761 a composite number?
False
Is 762605851 prime?
False
Is 3185335 a composite number?
True
Is 1088497 prime?
False
Is 1172372237 prime?
False
Is 20154331 a prime number?
False
Is 3672659 a prime number?
True
Is 6730969 composite?
True
Is 104680495 a prime number?
False
Is 906919747 composite?
False
Is 16091931 composite?
True
Is 7052449 a prime number?
False
Is 19032334 prime?
False
Is 69974959 prime?
True
Is 120665491 a composite number?
True
Is 41405822 a composite number?
True
Is 16267189 prime?
True
Is 8458823 a composite number?
False
Is 739541 prime?
False
Is 6374605 a prime number?
False
Is 24719909 a prime number?
True
Is 5780141 prime?
False
Is 74519169 a prime number?
False
Is 10624703 a prime number?
False
Is 6400183 prime?
True
Is 10701239 prime?
False
Is 6078361 a composite number?
False
Is 38104373 prime?
True
Is 3955709 a prime number?
True
Is 2108066 a composite number?
True
Is 75540415 a composite number?
True
Is 82969817 prime?
False
Is 389413699 prime?
False
Is 4104163 a composite number?
True
Is 212141 prime?
True
Is 6358361 composite?
False
Is 41197297 composite?
True
Is 6030979 a prime number?
False
Is 27337867 prime?
True
Is 772627 prime?
False
Is 79302263 a prime number?
False
Is 1948267 composite?
False
Is 27031651 a prime number?
True
Is 46837573 prime?
False
Is 3571763 a composite number?
True
Is 3578699 a composite number?
True
Is 621863 prime?
False
Is 33252547 composite?
True
Is 992417 a composite number?
False
Is 565253 composite?
True
Is 36191459 prime?
True
Is 145422229 a prime number?
True
Is 84976445 a composite number?
True
Is 3977347 a prime number?
False
Is 87662569 a composite number?
True
Is 223319 a composite number?
False
Is 274592029 composite?
False
Is 1478071 a composite number?
True
Is 134888093 composite?
False
Is 808607 prime?
False
Is 37824791 composite?
True
Is 107003461 a prime number?
False
Is 42989147 a composite number?
True
Is 16573426 a composite number?
True
Is 4097411 composite?
True
Is 3823289 a prime number?
True
Is 171926927 a prime number?
True
Is 8311183 composite?
False
Is 8296687 a prime number?
False
Is 525769 a composite number?
False
Is 2835037 a prime number?
True
Is 1344473161 composite?
False
Is 9628607 prime?
True
Is 651533 a composite number?
True
Is 26615315 composite?
True
Is 255917 prime?
True
Is 415987291 prime?
False
Is 111300187 a prime number?
True
Is 343758227 prime?
False
Is 351433 a composite number?
True
Is 11485127 a prime number?
True
Is 99303739 composite?
False
Is 5270921 a composite number?
False
Is 4197673 a composite number?
True
Is 142805371 a composite number?
False
Is 82667743 a composite number?
True
Is 1056129 prime?
False
Is 3744613 a composite number?
False
Is 701279 a prime number?
True
Is 52668305 a composite number?
True
Is 12036677 composite?
True
Is 206651761 composite?
False
Is 22635007 composite?
True
Is 4473277 composite?
False
Is 129126545 a prime number?
False
Is 465209 a prime number?
True
Is 575357 prime?
False
Is 67547 composite?
False
Is 324463 a prime number?
False
Is 182207591 a composite number?
True
Is 82206989 prime?
False
Is 10600553 composite?
False
Is 9709129 composite?
True
Is 80946001 a composite number?
True
Is 28319 a prime number?
True
Is 5818061 a prime number?
True
Is 213607 composite?
True
Is 490142 composite?
True
Is 54709 a prime number?
True
Is 71325883 a composite number?
False
Is 40019305 a composite number?
True
Is 1415409 a prime number?
False
Is 533430011 a composite number?
False
Is 193772789 prime?
False
Is 37217479 prime?
False
Is 778823 prime?
False
Is 10027085 a prime number?
False
Is 14231989 a composite number?
False
Is 1039507 prime?
False
Is 565548131 prime?
True
Is 34736939 a composite number?
True
Is 18927823 a composite number?
False
Is 8086129 a composite number?
False
Is 86158619 a prime number?
True
Is 124715 prime?
False
Is 6216293 a prime number?
True
Is 2724542 composite?
True
Is 265789999 composite?
False
Is 91216277 composite?
True
Is 4218961 composite?
False
Is 178668859 a composite number?
True
Is 6405229 composite?
True
Is 1664851 composite?
True
Is 15249833 prime?
False
Is 460247 a prime number?
True
Is 2808481 a prime number?
False
Is 10026881 a composite number?
False
Is 77170081 a prime number?
True
Is 130327 a prime number?
False
Is 22594057 composite?
False
Is 26479583 a prime number?
False
Is 3331519 prime?
True
Is 2720681 a prime number?
False
Is 7551329 prime?
True
Is 15033841 a prime number?
False
Is 1597315513 a prime number?
True
Is 188281 a prime number?
True
Is 5119423 a composite number?
False
Is 39247813 composite?
True
Is 106274297 prime?
True
Is 1076393 a prime number?
False
Is 439471 a prime number?
True
Is 24877439 composite?
True
Is 300436751 prime?
False
Is 705227 composite?
True
Is 532601 prime?
True
Is 55242931 prime?
True
Is 273203179 prime?
True
Is 325042231 a prime number?
True
Is 11775089 a composite number?
False
Is 29297711 a composite number?
True
Is 11958049 composite?
True
Is 33065993 prime?
True
Is 285223 composite?
True
Is 158201 a prime number?
True
Is 11121053 a prime number?
False
Is 57780469 a composite number?
False
Is 7265679 a composite number?
True
Is 10599779 a prime number?
True
Is 4230409 a prime number?
False
Is 7061969 a prime number?
True
Is 11958571 a prime number?
False
Is 215177843 a composite number?
False
Is 3631258 prime?
False
Is 690757 composite?
False
Is 5716021 a composite number?
False
Is 2767319 prime?
True
Is 6010903 prime?
True
Is 212394707 a composite number?
True
Is 547037665 prime?
False
Is 19627981 a prime number?
False
Is 101784871 prime?
False
Is 51695207 a composite number?
True
Is 6108131 a prime number?
True
Is 989327 a prime number?
True
Is 3650249 a composite number?
False
Is 70804831 composite?
False
Is 183535637 composite?
True
Is 902933 a composite number?
False
Is 7875499 composite?
True
Is 816331 a prime number?
False
Is 6814673 a composite number?
True
Is 4826165 composite?
True
Is 1229480779 a prime number?
False
Is 27926473 composite?
False
Is 32524649 a composite number?
True
Is 151883693 prime?
False
Is 1924411 a composite number?
True
Is 906589 a prime number?
True
Is 7131119 prime?
True
Is 4947463 a prime number?
True
Is 36324481 a composite number?
False
Is 233759 a composite number?
False
Is 35359547 composite?
False
Is 3823289 a composite number?
False
Is 55379161 prime?
True
Is 234715181 a prime number?
True
Is 3423759 prime?
False
Is 14011397 a prime number?
True
Is 2682241 a prime number?
False
Is 3428921 prime?
True
Is 4978697 a prime number?
True
Is 53950843 prime?
False
Is 4887973 prime?
False
Is 808763 a composite number?
True
Is 12562999 a prime number?
True
Is 6260377 composite?
False
Is 23342707 composite?
False
Is 4633781 prime?
False
Is 679108643 composite?
True
Is 828431 a composite number?
False
Is 637193023 composite?
False
Is 202739011 a prime number?
False
Is 15183039 a composite number?
True
Is 307814743 composite?
False
Is 10833271 a prime number?
True
Is 806893 prime?
True
Is 22992647 a composite number?
False
Is 196476583 a composite number?
False
Is 5301363 a composite number?
True
Is 465107 prime?
True
Is 191078165 prime?
False
Is 21146143 a composite number?
True
Is 1576723 a composite number?
False
Is 31579681 prime?
False
Is 2560583 prime?
True
Is 48006799 prime?
False
Is 4242739 a prime number?
False
Is 362954947 prime?
False
Is 95527 prime?
True
Is 31957 prime?
True
Is 44111189 prime?
False
Is 3787754 a prime number?
False
Is 46417677 a composite number?
True
Is 1645297 a prime number?
False
Is 44931191 a prime number?
True
Is 4451701 composite?
False
Is 26791697 composite?
False
Is 34538657 composite?
False
Is 585157 prime?
False
Is 1785293 a composite number?
False
Is 494958641 composite?
False
Is 5509687 composite?
False
Is 1016369 a composite number?
True
Is 18414813 a prime number?
False
Is 26774635 a prime number?
False
Is 5226929 a prime number?
True
Is 8780663 prime?
True
Is 57184931 a prime number?
Fals